ue
Is 722795803 a prime number?
True
Is 457748933 composite?
True
Is 2842812157 composite?
True
Is 1337202047 a prime number?
False
Is 11369362723 a composite number?
True
Is 4771144957 composite?
True
Is 166544627 composite?
False
Is 53001323 composite?
True
Is 10985847011 a composite number?
True
Is 18237822841 a prime number?
False
Is 28760170431 a prime number?
False
Is 2273381843 composite?
True
Is 699009331 prime?
True
Is 10786036673 a composite number?
False
Is 75826233169 a prime number?
False
Is 115723159 prime?
False
Is 29805817567 composite?
False
Is 9088093361 prime?
True
Is 144739866061 composite?
True
Is 28728299317 composite?
True
Is 5450539279 prime?
False
Is 7653767161 a prime number?
False
Is 6029584409 a composite number?
False
Is 1068123779 a prime number?
False
Is 58456520629 a prime number?
False
Is 1426060907 a composite number?
False
Is 62095487663 a composite number?
True
Is 49641118711 a prime number?
True
Is 3963242897 composite?
False
Is 4942628081 a prime number?
False
Is 3367477043 a prime number?
False
Is 44235738047 composite?
False
Is 729687929 composite?
False
Is 497622373 a prime number?
True
Is 790094881 a prime number?
False
Is 4040992034 a prime number?
False
Is 96388727027 a composite number?
False
Is 7612400363 composite?
False
Is 261978671 prime?
False
Is 1133936711 prime?
False
Is 4895962679 composite?
False
Is 2661838567 a prime number?
True
Is 6488123309 composite?
True
Is 3969538717 composite?
False
Is 10798907459 a composite number?
True
Is 19899602165 prime?
False
Is 1203221879 composite?
True
Is 3766677403 composite?
True
Is 831341171 a composite number?
True
Is 3809927963 prime?
True
Is 420189727 a composite number?
False
Is 5218851751 a composite number?
True
Is 41484397 a composite number?
True
Is 1430644457 a composite number?
True
Is 974324614 a composite number?
True
Is 510817522961 a composite number?
False
Is 46850313019 a prime number?
False
Is 10396529833 prime?
False
Is 43112411 a composite number?
False
Is 80073635641 a prime number?
False
Is 5408162101 prime?
True
Is 2961468317 prime?
True
Is 2525693563 prime?
True
Is 15337618927 composite?
True
Is 628681559 composite?
True
Is 111238427 prime?
True
Is 6311626769 composite?
True
Is 663465983 prime?
True
Is 67471955 prime?
False
Is 75101149 a prime number?
True
Is 9104556623 a composite number?
False
Is 6456333557 a prime number?
False
Is 18562171 a composite number?
True
Is 6509773443 a composite number?
True
Is 4255838731 a prime number?
True
Is 367383007 composite?
False
Is 15628374197 a prime number?
True
Is 596823641 a composite number?
True
Is 95531180257 a composite number?
False
Is 212164380731 a prime number?
False
Is 87628314269 a composite number?
False
Is 9410238503 prime?
False
Is 48813649 composite?
True
Is 38475677 a composite number?
True
Is 147125743 prime?
False
Is 210050077 prime?
False
Is 7458892807 prime?
True
Is 2503131131 composite?
False
Is 495877303 a composite number?
True
Is 18625389493 a prime number?
True
Is 494164159 a prime number?
True
Is 429093183 prime?
False
Is 4824775433 a composite number?
False
Is 372782959 a composite number?
False
Is 374378974 a prime number?
False
Is 2717030741 composite?
True
Is 589555823 a composite number?
False
Is 18082762777 a composite number?
False
Is 21749013617 a composite number?
False
Is 81134299 composite?
False
Is 1173869171 a composite number?
True
Is 105254027 composite?
False
Is 2901274447 a composite number?
True
Is 6938018669 a prime number?
False
Is 51473548061 composite?
True
Is 154571567 a composite number?
True
Is 2212660633 a composite number?
True
Is 671638781 composite?
True
Is 137510279 prime?
False
Is 42523211219 a composite number?
True
Is 1178273231 prime?
False
Is 5738955391 a prime number?
False
Is 73355526913 composite?
True
Is 332038411 prime?
False
Is 4840831703 prime?
True
Is 50710822703 composite?
True
Is 37060571101 a composite number?
True
Is 20891158567 composite?
False
Is 5837427509 prime?
True
Is 1426813897 a prime number?
True
Is 16879308541 composite?
False
Is 42306975547 composite?
True
Is 3241636063 a prime number?
False
Is 40599128977 prime?
False
Is 19346705947 composite?
True
Is 33545791549 composite?
True
Is 200794873 composite?
False
Is 2380411771 a prime number?
True
Is 37183912945 a prime number?
False
Is 70496013589 a composite number?
False
Is 6424816081 prime?
False
Is 71273273 composite?
True
Is 438017147 prime?
True
Is 4889409641 composite?
False
Is 5157521309 composite?
True
Is 412440551 a composite number?
False
Is 76143923 composite?
False
Is 1503277169 a composite number?
True
Is 23947253549 prime?
True
Is 48261237407 a prime number?
True
Is 25886162553 a prime number?
False
Is 1459571297 a composite number?
True
Is 1089293719 a prime number?
True
Is 49849510981 a composite number?
False
Is 648910421 prime?
True
Is 2297766391 a composite number?
False
Is 957632267 composite?
False
Is 17876681122 a prime number?
False
Is 2707189 a composite number?
True
Is 5889960833 prime?
False
Is 781202861 a composite number?
False
Is 65931263 prime?
False
Is 2115222017 prime?
True
Is 3392484161 a prime number?
False
Is 717965071 composite?
False
Is 652173013 a composite number?
False
Is 4195209947 a composite number?
False
Is 1180235341 prime?
True
Is 21578504869 a prime number?
False
Is 3273497389 composite?
False
Is 1126939789 a composite number?
True
Is 133251484879 a prime number?
True
Is 8313439259 composite?
True
Is 2827249639 composite?
True
Is 16036850293 a prime number?
False
Is 4064161 prime?
True
Is 60856739 a prime number?
False
Is 414473863 a prime number?
False
Is 140165881 prime?
False
Is 30090157829 prime?
False
Is 22114311839 a prime number?
True
Is 3687746911 a composite number?
True
Is 25873797791 prime?
False
Is 25908436817 prime?
False
Is 28609614587 prime?
True
Is 9805123059 prime?
False
Is 99543799 a prime number?
True
Is 104424997 a prime number?
True
Is 763725407 a prime number?
False
Is 117946973 a composite number?
True
Is 956228831 a composite number?
False
Is 113907112181 a prime number?
False
Is 46295188319 composite?
False
Is 8945071357 prime?
True
Is 229233773 prime?
True
Is 2656595989 composite?
True
Is 1059209507 a prime number?
True
Is 91655262955 a prime number?
False
Is 7588037759 a prime number?
False
Is 260843047 a prime number?
True
Is 2320262543 prime?
False
Is 22597977187 composite?
True
Is 867453343 a composite number?
False
Is 1295341489 a composite number?
True
Is 10722941 a prime number?
False
Is 1727454899 composite?
False
Is 40273530701 prime?
True
Is 208264751 a composite number?
True
Is 1771624651 prime?
True
Is 1702616039 composite?
True
Is 9145816763 composite?
True
Is 154269981839 a composite number?
True
Is 42114395101 composite?
False
Is 46626266353 prime?
True
Is 792724711 prime?
True
Is 3037942529 composite?
False
Is 39767321 composite?
True
Is 391369097 a prime number?
False
Is 22045812059 a composite number?
False
Is 162408928361 prime?
False
Is 430024417 prime?
False
Is 26642699 a composite number?
True
Is 682528391 composite?
True
Is 27215546167 prime?
True
Is 42610010551 composite?
True
Is 39740953 a composite number?
True
Is 37930531 a composite number?
False
Is 8292245231 a prime number?
False
Is 3462367841 a composite number?
False
Is 4632332279 a composite number?
False
Is 118380917 prime?
False
Is 14941004821 a composite number?
False
Is 115435297093 a prime number?
True
Is 16689734603 a prime number?
True
Is 98003381843 a composite number?
True
Is 5353087 a prime number?
True
Is 29138459921 a composite number?
False
Is 1072861 prime?
False
Is 6570693461 a composite number?
False
Is 202285722967 a composite number?
False
Is 110529721 prime?
True
Is 5183721397 a prime number?
True
Is 135285410563 prime?
True
Is 1339095169 a prime number?
True
Is 2092614113 composite?
False
Is 1447338353 a composite number?
True
Is 17613329765 prime?
False
Is 829763113 prime?
True
Is 864981497 a composite number?
False
Is 12193593689 a prime number?
False
Is 15314951 a composite number?
True
Is 14913305401 prime?
True
Is 1387610957 a composite number?
False
Is 46559330821 composite?
False
Is 522857957 a composite number?
False
Is 2574885427 prime?
False
Is 8872562429 composite?
Tr